{"id":2532,"date":"2023-01-12T17:48:55","date_gmt":"2023-01-12T16:48:55","guid":{"rendered":"https:\/\/elite-capitalgroup.com\/exca\/?page_id=2532"},"modified":"2023-10-17T09:26:48","modified_gmt":"2023-10-17T08:26:48","slug":"opportunites","status":"publish","type":"page","link":"https:\/\/elite-capitalgroup.com\/exca\/opportunites\/","title":{"rendered":"Opportunit\u00e9s"},"content":{"rendered":"<section class=\"wpb_row vc_row-fluid section-padd vc_custom_1673824460853 vc_row-has-fill vc_row-o-content-top vc_row-flex\"><div class=\"container\"><div class=\"vc_row\"><div class=\"wpb_column vc_column_container vc_col-sm-12\"><div class=\"vc_column-inner\"><div class=\"wpb_wrapper\">\n\t<div class=\"wpb_text_column wpb_content_element  vc_custom_1673824180731\" >\n\t\t<div class=\"wpb_wrapper\">\n\t\t\t<h4 style=\"text-align: center; color: #ffffff;\">OPPORTUNITES DE PLACEMENT DE LA SEMAINE<\/h4>\n\n\t\t<\/div>\n\t<\/div>\n<\/div><\/div><\/div><\/div><\/div><\/section><section class=\"wpb_row vc_row-fluid section-padd vc_custom_1673824558294 vc_row-has-fill vc_row-o-content-top vc_row-flex\"><div class=\"container\"><div class=\"vc_row\"><div class=\"wpb_column vc_column_container vc_col-sm-12\"><div class=\"vc_column-inner\"><div class=\"wpb_wrapper\">\n\t<div class=\"wpb_text_column wpb_content_element  vc_custom_1673827083389\" >\n\t\t<div class=\"wpb_wrapper\">\n\t\t\t<h4 style=\"text-align: center; color: #ffffff;\">MARCHE MONETAIRE (BEAC)<\/h4>\n\n\t\t<\/div>\n\t<\/div>\n<\/div><\/div><\/div><\/div><\/div><\/section><section class=\"wpb_row vc_row-fluid section-padd vc_custom_1673827121351 vc_row-o-content-top vc_row-flex\"><div class=\"container\"><div class=\"vc_row\"><div class=\"wpb_column vc_column_container vc_col-sm-12\"><div class=\"vc_column-inner\"><div class=\"wpb_wrapper\">\n\t<div class=\"wpb_text_column wpb_content_element  vc_custom_1673827148185\" >\n\t\t<div class=\"wpb_wrapper\">\n\t\t\t<h4 style=\"text-align: left;\">March\u00e9 primaire<\/h4>\n\n\t\t<\/div>\n\t<\/div>\n<\/div><\/div><\/div><\/div><\/div><\/section><section class=\"wpb_row vc_row-fluid section-padd vc_custom_1673825741316 vc_row-o-content-top vc_row-flex\"><div class=\"container\"><div class=\"vc_row\"><div class=\"wpb_column vc_column_container vc_col-sm-12\"><div class=\"vc_column-inner\"><div class=\"wpb_wrapper\">\n\t<div class=\"wpb_text_column wpb_content_element  vc_custom_1697531157293 tab\" >\n\t\t<div class=\"wpb_wrapper\">\n\t\t\t<table width=\"709\">\n<tbody>\n<tr class=\"hdcolumn1\">\n<td width=\"180\"><strong>Code \u00e9mission<\/strong><\/td>\n<td width=\"104\"><strong>Date de valeur<\/strong><\/td>\n<td width=\"104\"><strong>Maturit\u00e9<\/strong><\/td>\n<td width=\"123\"><strong>Volume disponible (MB)<\/strong><\/td>\n<td width=\"99\"><strong>Prix de cession<\/strong><\/td>\n<td width=\"99\"><strong>Taux de cession<\/strong><\/td>\n<\/tr>\n<tr>\n<td width=\"180\"><strong>CG2J000000404 OTA 3ANS 6% 17-AOUT 2026<\/strong><\/td>\n<td width=\"104\">19\/10\/2023<\/td>\n<td width=\"113\">17\/08\/2026<\/td>\n<td width=\"113\"><strong>10 000<\/strong><\/td>\n<td width=\"99\">\u2013<\/td>\n<td width=\"99\">6%<\/td>\n<\/tr>\n<tr>\n<td width=\"180\"><strong>CG1200001093 BTA 26S 18 Avril-2024<\/strong><\/td>\n<td width=\"104\">19\/10\/2023<\/td>\n<td width=\"113\">18\/04\/2024<\/td>\n<td width=\"113\"><strong>10 000<\/strong><\/td>\n<td width=\"99\">100%<\/td>\n<td width=\"99\">\u2013<\/td>\n<\/tr>\n<\/tbody>\n<\/table>\n\n\t\t<\/div>\n\t<\/div>\n<\/div><\/div><\/div><\/div><\/div><\/section><section class=\"wpb_row vc_row-fluid section-padd vc_custom_1673824558294 vc_row-has-fill vc_row-o-content-top vc_row-flex\"><div class=\"container\"><div class=\"vc_row\"><div class=\"wpb_column vc_column_container vc_col-sm-12\"><div class=\"vc_column-inner\"><div class=\"wpb_wrapper\">\n\t<div class=\"wpb_text_column wpb_content_element  vc_custom_1673824677831\" >\n\t\t<div class=\"wpb_wrapper\">\n\t\t\t<h4 style=\"text-align: center; color: #ffffff;\">MARCHE FINANCIER (BVMAC)<\/h4>\n\n\t\t<\/div>\n\t<\/div>\n<\/div><\/div><\/div><\/div><\/div><\/section><section class=\"wpb_row vc_row-fluid section-padd vc_custom_1673824460853 vc_row-has-fill vc_row-o-content-top vc_row-flex\"><div class=\"container\"><div class=\"vc_row\"><div class=\"wpb_column vc_column_container vc_col-sm-12\"><div class=\"vc_column-inner\"><div class=\"wpb_wrapper\">\n\t<div class=\"wpb_text_column wpb_content_element  vc_custom_1673824719547\" >\n\t\t<div class=\"wpb_wrapper\">\n\t\t\t<h4 style=\"color: #ffffff; text-align: left;\">March\u00e9 des actions<\/h4>\n\n\t\t<\/div>\n\t<\/div>\n<\/div><\/div><\/div><\/div><\/div><\/section><section class=\"wpb_row vc_row-fluid section-padd vc_custom_1673825741316 vc_row-o-content-top vc_row-flex\"><div class=\"container\"><div class=\"vc_row\"><div class=\"wpb_column vc_column_container vc_col-sm-12\"><div class=\"vc_column-inner\"><div class=\"wpb_wrapper\">\n\t<div class=\"wpb_text_column wpb_content_element  vc_custom_1697529477831 tab\" >\n\t\t<div class=\"wpb_wrapper\">\n\t\t\t<table width=\"712\">\n<tbody>\n<tr class=\"hdcolumn\">\n<td width=\"57\"><strong>N\u00b0 <\/strong><strong>Code<\/strong><\/td>\n<td width=\"61\"><strong>Nominal<\/strong><\/td>\n<td width=\"134\"><strong>Dernier dividende<\/strong><\/td>\n<td width=\"104\"><strong>Fixing valeurs<\/strong><\/td>\n<td width=\"69\"><strong>Cours de r\u00e9f\u00e9rence<\/strong><\/td>\n<td width=\"81\"><strong>Cl\u00f4ture<\/strong><\/td>\n<td width=\"69\"><strong>Volume demand\u00e9<\/strong><\/td>\n<td width=\"81\"><strong>Volume<\/strong> <strong>offert<\/strong><\/td>\n<td width=\"57\"><strong>Volume Transig\u00e9<\/strong><\/td>\n<\/tr>\n<tr>\n<td width=\"57\">1000<\/td>\n<td width=\"61\">10\u00a0000<\/td>\n<td width=\"134\">08\/06\/16<\/td>\n<td width=\"104\">SEMC<\/td>\n<td width=\"69\">47\u00a0000<\/td>\n<td width=\"81\"><strong>\u00a0<\/strong><strong>47\u00a0000<\/strong><\/td>\n<td width=\"69\">0<\/td>\n<td width=\"81\">149<\/td>\n<td width=\"57\">0<\/td>\n<\/tr>\n<tr>\n<td width=\"57\">1001<\/td>\n<td width=\"61\">5 000<\/td>\n<td width=\"134\">29\/07\/22<\/td>\n<td width=\"104\">SAFACAM<\/td>\n<td width=\"69\">24 700<\/td>\n<td width=\"81\"><strong>26 000<\/strong><\/td>\n<td width=\"69\">400<\/td>\n<td width=\"81\">0<\/td>\n<td width=\"57\">0<\/td>\n<\/tr>\n<tr>\n<td width=\"57\">1002<\/td>\n<td width=\"61\">10 000<\/td>\n<td width=\"134\">11\/07\/23<\/td>\n<td width=\"104\">SOCAPALM<\/td>\n<td width=\"69\">48 000<\/td>\n<td width=\"81\"><strong>50 000<\/strong><\/td>\n<td width=\"69\">20<\/td>\n<td width=\"81\">863<\/td>\n<td width=\"57\">20<\/td>\n<\/tr>\n<tr>\n<td width=\"57\">1004<\/td>\n<td width=\"61\">10 000<\/td>\n<td width=\"134\">\u2013<\/td>\n<td width=\"104\">LA REGIONALE<\/td>\n<td width=\"69\">42 500<\/td>\n<td width=\"81\"><strong>42 500<\/strong><\/td>\n<td width=\"69\">0<\/td>\n<td width=\"81\">156<\/td>\n<td width=\"57\">0<\/td>\n<\/tr>\n<tr>\n<td width=\"57\">1005<\/td>\n<td width=\"61\">100 000<\/td>\n<td width=\"134\">\u2013<\/td>\n<td width=\"104\">BANGE<\/td>\n<td width=\"69\">206 850<\/td>\n<td width=\"81\"><strong>207 110<\/strong><\/td>\n<td width=\"69\">0<\/td>\n<td width=\"81\">0<\/td>\n<td width=\"57\">0<\/td>\n<\/tr>\n<tr>\n<td width=\"57\">1006<\/td>\n<td width=\"61\"><\/td>\n<td width=\"134\"><\/td>\n<td width=\"104\">SCG-R\u00e9<\/td>\n<td width=\"69\">21 000<\/td>\n<td width=\"81\"><strong>21 000<\/strong><\/td>\n<td width=\"69\">0<\/td>\n<td width=\"81\">0<\/td>\n<td width=\"57\">0<\/td>\n<\/tr>\n<\/tbody>\n<\/table>\n<p>\u00a0<\/p>\n\n\t\t<\/div>\n\t<\/div>\n<\/div><\/div><\/div><\/div><\/div><\/section><section class=\"wpb_row vc_row-fluid section-padd vc_custom_1673824460853 vc_row-has-fill vc_row-o-content-top vc_row-flex\"><div class=\"container\"><div class=\"vc_row\"><div class=\"wpb_column vc_column_container vc_col-sm-12\"><div class=\"vc_column-inner\"><div class=\"wpb_wrapper\">\n\t<div class=\"wpb_text_column wpb_content_element  vc_custom_1673826353056\" >\n\t\t<div class=\"wpb_wrapper\">\n\t\t\t<h4 style=\"color: #ffffff; text-align: left;\">March\u00e9 des obligations<\/h4>\n\n\t\t<\/div>\n\t<\/div>\n<\/div><\/div><\/div><\/div><\/div><\/section><section class=\"wpb_row vc_row-fluid section-padd vc_custom_1673825741316 vc_row-o-content-top vc_row-flex\"><div class=\"container\"><div class=\"vc_row\"><div class=\"wpb_column vc_column_container vc_col-sm-12\"><div class=\"vc_column-inner\"><div class=\"wpb_wrapper\">\n\t<div class=\"wpb_text_column wpb_content_element  vc_custom_1697530216480 tab\" >\n\t\t<div class=\"wpb_wrapper\">\n\t\t\t<table width=\"723\">\n<tbody>\n<tr class=\"hdcolumn\">\n<td width=\"48\"><strong>N\u00b0 Code<\/strong><\/td>\n<td width=\"113\"><strong>Nom<\/strong><\/td>\n<td width=\"81\"><strong>Nominal <\/strong><\/td>\n<td width=\"76\"><strong>Cours de r\u00e9f\u00e9rence<\/strong><\/td>\n<td width=\"69\"><strong>Cl\u00f4ture <\/strong><\/td>\n<td width=\"123\"><strong>Coupon Couru r\u00e8glement \/ livraison<\/strong><\/td>\n<td width=\"77\"><strong>Volume demand\u00e9<\/strong><\/td>\n<td width=\"62\"><strong>Volume offert<\/strong><\/td>\n<td width=\"62\"><strong>Volume <\/strong><\/td>\n<\/tr>\n<tr>\n<td width=\"48\">2023<\/td>\n<td width=\"113\">ECMR.05-18\/23<\/td>\n<td width=\"81\">2 500<\/td>\n<td width=\"76\">99,20<\/td>\n<td width=\"69\"><strong>99,2<\/strong><\/td>\n<td width=\"123\">78.25<\/td>\n<td width=\"77\">0<\/td>\n<td width=\"62\">0<\/td>\n<td width=\"62\">0<\/td>\n<\/tr>\n<tr>\n<td width=\"48\">2023<\/td>\n<td width=\"113\">ALIOS .01-18\/23<\/td>\n<td width=\"81\">2 222.222<\/td>\n<td width=\"76\">100<\/td>\n<td width=\"69\"><strong>100<\/strong><\/td>\n<td width=\"123\">20.95<\/td>\n<td width=\"77\">0<\/td>\n<td width=\"62\">0<\/td>\n<td width=\"62\">0<\/td>\n<\/tr>\n<tr>\n<td width=\"48\">2018<\/td>\n<td width=\"113\">ALIOS.02-21\/25<\/td>\n<td width=\"81\">7\u00a0857.143<\/td>\n<td width=\"76\">100<\/td>\n<td width=\"69\"><strong>100<\/strong><\/td>\n<td width=\"123\">26.56<\/td>\n<td width=\"77\">0<\/td>\n<td width=\"62\">0<\/td>\n<td width=\"62\">0<\/td>\n<\/tr>\n<tr>\n<td width=\"48\">2020<\/td>\n<td width=\"113\">EOG.05 19\/24<\/td>\n<td width=\"81\">5 000<\/td>\n<td width=\"76\">99.00<\/td>\n<td width=\"69\"><strong>99.00<\/strong><\/td>\n<td width=\"123\">210.62<\/td>\n<td width=\"77\">0<\/td>\n<td width=\"62\">0<\/td>\n<td width=\"62\">0<\/td>\n<\/tr>\n<tr>\n<td width=\"48\">2021<\/td>\n<td width=\"113\">BDEAC 20\/27<\/td>\n<td width=\"81\">10 000<\/td>\n<td width=\"76\">99.99<\/td>\n<td width=\"69\"><strong>99.99<\/strong><\/td>\n<td width=\"123\">235.92<\/td>\n<td width=\"77\">0<\/td>\n<td width=\"62\">787 391<\/td>\n<td width=\"62\">0<\/td>\n<\/tr>\n<tr>\n<td width=\"48\">2022<\/td>\n<td width=\"113\">BDEAC 21\/28<\/td>\n<td width=\"81\">10 000<\/td>\n<td width=\"76\">100<\/td>\n<td width=\"69\"><strong>100.00<\/strong><\/td>\n<td width=\"123\">277.7<\/td>\n<td width=\"77\">0<\/td>\n<td width=\"62\">34 981<\/td>\n<td width=\"62\">0<\/td>\n<\/tr>\n<tr>\n<td width=\"48\">2023<\/td>\n<td width=\"113\">EOCG2-21\/26<\/td>\n<td width=\"81\">10 000<\/td>\n<td width=\"76\">95.00<\/td>\n<td width=\"69\"><strong>95.00<\/strong><\/td>\n<td width=\"123\">131.49<\/td>\n<td width=\"77\">0<\/td>\n<td width=\"62\">0<\/td>\n<td width=\"62\">0<\/td>\n<\/tr>\n<tr>\n<td width=\"48\">2023<\/td>\n<td width=\"113\">EOG.06-21\/26<\/td>\n<td width=\"81\">10 000<\/td>\n<td width=\"76\">99.50<\/td>\n<td width=\"69\"><strong>99.50<\/strong><\/td>\n<td width=\"123\">3.69<\/td>\n<td width=\"77\">0<\/td>\n<td width=\"62\">0<\/td>\n<td width=\"62\">0<\/td>\n<\/tr>\n<tr>\n<td width=\"48\">2026<\/td>\n<td width=\"113\">ECMR.06-22\/29<\/td>\n<td width=\"81\">10 000<\/td>\n<td width=\"76\">99.50<\/td>\n<td width=\"69\"><strong>97.00<\/strong><\/td>\n<td width=\"123\">18.78<\/td>\n<td width=\"77\">900<\/td>\n<td width=\"62\">900<\/td>\n<td width=\"62\">900<\/td>\n<\/tr>\n<tr>\n<td width=\"48\">2022<\/td>\n<td width=\"113\">BDEAC 6%22\/29<\/td>\n<td width=\"81\">10 000<\/td>\n<td width=\"76\">100<\/td>\n<td width=\"69\"><strong>100<\/strong><\/td>\n<td width=\"123\">261.37<\/td>\n<td width=\"77\">2<\/td>\n<td width=\"62\">0<\/td>\n<td width=\"62\">0<\/td>\n<\/tr>\n<tr>\n<td width=\"48\">2022<\/td>\n<td width=\"113\">EOTD 6.5% 22\/27<\/td>\n<td width=\"81\">10 000<\/td>\n<td width=\"76\">100<\/td>\n<td width=\"69\"><strong>100<\/strong><\/td>\n<td width=\"123\">283.15<\/td>\n<td width=\"77\">0<\/td>\n<td width=\"62\">2 500<\/td>\n<td width=\"62\">0<\/td>\n<\/tr>\n<tr>\n<td width=\"48\">2022<\/td>\n<td width=\"113\">EOG 6.25% 22\/28<\/td>\n<td width=\"81\">10 000<\/td>\n<td width=\"76\">100<\/td>\n<td width=\"69\"><strong>100<\/strong><\/td>\n<td width=\"123\">345.89<\/td>\n<td width=\"77\">0<\/td>\n<td width=\"62\">0<\/td>\n<td width=\"62\">0<\/td>\n<\/tr>\n<\/tbody>\n<\/table>\n<p>\u00a0<\/p>\n\n\t\t<\/div>\n\t<\/div>\n<\/div><\/div><\/div><\/div><\/div><\/section>\n","protected":false},"excerpt":{"rendered":"OPPORTUNITES DE PLACEMENT DE LA SEMAINE MARCHE MONETAIRE (BEAC) March\u00e9 primaire Code \u00e9mission Date de valeur Maturit\u00e9 Volume disponible (MB) Prix de cession Taux de cession CG2J000000404 OTA 3ANS 6% 17-AOUT 2026 19\/10\/2023 17\/08\/2026 10 000 - 6% CG1200001093 BTA 26S 18 Avril-2024 19\/10\/2023 18\/04\/2024 10 000 100% - MARCHE FINANCIER (BVMAC) March\u00e9 des actions [...]","protected":false},"author":2,"featured_media":0,"parent":0,"menu_order":0,"comment_status":"closed","ping_status":"closed","template":"","meta":{"footnotes":""},"class_list":["post-2532","page","type-page","status-publish","hentry"],"yoast_head":"<!-- This site is optimized with the Yoast SEO plugin v27.6 - https:\/\/yoast.com\/product\/yoast-seo-wordpress\/ -->\n<title>Opportunit\u00e9s - ELITE CAPITAL SECURITIES CENTRAL AFRICA<\/title>\n<meta name=\"robots\" content=\"index, follow, max-snippet:-1, max-image-preview:large, max-video-preview:-1\" \/>\n<link rel=\"canonical\" href=\"https:\/\/elite-capitalgroup.com\/exca\/opportunites\/\" \/>\n<meta property=\"og:locale\" content=\"fr_FR\" \/>\n<meta property=\"og:type\" content=\"article\" \/>\n<meta property=\"og:title\" content=\"Opportunit\u00e9s - ELITE CAPITAL SECURITIES CENTRAL AFRICA\" \/>\n<meta property=\"og:url\" content=\"https:\/\/elite-capitalgroup.com\/exca\/opportunites\/\" \/>\n<meta property=\"og:site_name\" content=\"ELITE CAPITAL SECURITIES CENTRAL AFRICA\" \/>\n<meta property=\"article:publisher\" content=\"https:\/\/www.facebook.com\/elitecapitalsecurities\/\" \/>\n<meta property=\"article:modified_time\" content=\"2023-10-17T08:26:48+00:00\" \/>\n<meta name=\"twitter:card\" content=\"summary_large_image\" \/>\n<meta name=\"twitter:label1\" content=\"Dur\u00e9e de lecture estim\u00e9e\" \/>\n\t<meta name=\"twitter:data1\" content=\"3 minutes\" \/>\n<script type=\"application\/ld+json\" class=\"yoast-schema-graph\">{\"@context\":\"https:\\\/\\\/schema.org\",\"@graph\":[{\"@type\":\"WebPage\",\"@id\":\"https:\\\/\\\/elite-capitalgroup.com\\\/exca\\\/opportunites\\\/\",\"url\":\"https:\\\/\\\/elite-capitalgroup.com\\\/exca\\\/opportunites\\\/\",\"name\":\"Opportunit\u00e9s - ELITE CAPITAL SECURITIES CENTRAL AFRICA\",\"isPartOf\":{\"@id\":\"https:\\\/\\\/elite-capitalgroup.com\\\/exca\\\/#website\"},\"datePublished\":\"2023-01-12T16:48:55+00:00\",\"dateModified\":\"2023-10-17T08:26:48+00:00\",\"breadcrumb\":{\"@id\":\"https:\\\/\\\/elite-capitalgroup.com\\\/exca\\\/opportunites\\\/#breadcrumb\"},\"inLanguage\":\"fr-FR\",\"potentialAction\":[{\"@type\":\"ReadAction\",\"target\":[\"https:\\\/\\\/elite-capitalgroup.com\\\/exca\\\/opportunites\\\/\"]}]},{\"@type\":\"BreadcrumbList\",\"@id\":\"https:\\\/\\\/elite-capitalgroup.com\\\/exca\\\/opportunites\\\/#breadcrumb\",\"itemListElement\":[{\"@type\":\"ListItem\",\"position\":1,\"name\":\"Accueil\",\"item\":\"https:\\\/\\\/elite-capitalgroup.com\\\/exca\\\/\"},{\"@type\":\"ListItem\",\"position\":2,\"name\":\"Opportunit\u00e9s\"}]},{\"@type\":\"WebSite\",\"@id\":\"https:\\\/\\\/elite-capitalgroup.com\\\/exca\\\/#website\",\"url\":\"https:\\\/\\\/elite-capitalgroup.com\\\/exca\\\/\",\"name\":\"ELITE CAPITAL SECURITIES CENTRAL AFRICA\",\"description\":\"Partenaire privil\u00e9gi\u00e9 des \u00e9metteurs et investisseurs en zone CEMAC\",\"publisher\":{\"@id\":\"https:\\\/\\\/elite-capitalgroup.com\\\/exca\\\/#organization\"},\"potentialAction\":[{\"@type\":\"SearchAction\",\"target\":{\"@type\":\"EntryPoint\",\"urlTemplate\":\"https:\\\/\\\/elite-capitalgroup.com\\\/exca\\\/?s={search_term_string}\"},\"query-input\":{\"@type\":\"PropertyValueSpecification\",\"valueRequired\":true,\"valueName\":\"search_term_string\"}}],\"inLanguage\":\"fr-FR\"},{\"@type\":\"Organization\",\"@id\":\"https:\\\/\\\/elite-capitalgroup.com\\\/exca\\\/#organization\",\"name\":\"ELITE CAPITAL SECURITIES CENTRAL AFRICA\",\"url\":\"https:\\\/\\\/elite-capitalgroup.com\\\/exca\\\/\",\"logo\":{\"@type\":\"ImageObject\",\"inLanguage\":\"fr-FR\",\"@id\":\"https:\\\/\\\/elite-capitalgroup.com\\\/exca\\\/#\\\/schema\\\/logo\\\/image\\\/\",\"url\":\"https:\\\/\\\/i0.wp.com\\\/elite-capitalsecurities.com\\\/wp-content\\\/uploads\\\/2022\\\/01\\\/logo-baseline.png?fit=220%2C51&ssl=1\",\"contentUrl\":\"https:\\\/\\\/i0.wp.com\\\/elite-capitalsecurities.com\\\/wp-content\\\/uploads\\\/2022\\\/01\\\/logo-baseline.png?fit=220%2C51&ssl=1\",\"width\":220,\"height\":51,\"caption\":\"ELITE CAPITAL SECURITIES CENTRAL AFRICA\"},\"image\":{\"@id\":\"https:\\\/\\\/elite-capitalgroup.com\\\/exca\\\/#\\\/schema\\\/logo\\\/image\\\/\"},\"sameAs\":[\"https:\\\/\\\/www.facebook.com\\\/elitecapitalsecurities\\\/\",\"https:\\\/\\\/www.linkedin.com\\\/company\\\/elite-capital-securities-central-africa\\\/\"]}]}<\/script>\n<!-- \/ Yoast SEO plugin. -->","yoast_head_json":{"title":"Opportunit\u00e9s - ELITE CAPITAL SECURITIES CENTRAL AFRICA","robots":{"index":"index","follow":"follow","max-snippet":"max-snippet:-1","max-image-preview":"max-image-preview:large","max-video-preview":"max-video-preview:-1"},"canonical":"https:\/\/elite-capitalgroup.com\/exca\/opportunites\/","og_locale":"fr_FR","og_type":"article","og_title":"Opportunit\u00e9s - ELITE CAPITAL SECURITIES CENTRAL AFRICA","og_url":"https:\/\/elite-capitalgroup.com\/exca\/opportunites\/","og_site_name":"ELITE CAPITAL SECURITIES CENTRAL AFRICA","article_publisher":"https:\/\/www.facebook.com\/elitecapitalsecurities\/","article_modified_time":"2023-10-17T08:26:48+00:00","twitter_card":"summary_large_image","twitter_misc":{"Dur\u00e9e de lecture estim\u00e9e":"3 minutes"},"schema":{"@context":"https:\/\/schema.org","@graph":[{"@type":"WebPage","@id":"https:\/\/elite-capitalgroup.com\/exca\/opportunites\/","url":"https:\/\/elite-capitalgroup.com\/exca\/opportunites\/","name":"Opportunit\u00e9s - ELITE CAPITAL SECURITIES CENTRAL AFRICA","isPartOf":{"@id":"https:\/\/elite-capitalgroup.com\/exca\/#website"},"datePublished":"2023-01-12T16:48:55+00:00","dateModified":"2023-10-17T08:26:48+00:00","breadcrumb":{"@id":"https:\/\/elite-capitalgroup.com\/exca\/opportunites\/#breadcrumb"},"inLanguage":"fr-FR","potentialAction":[{"@type":"ReadAction","target":["https:\/\/elite-capitalgroup.com\/exca\/opportunites\/"]}]},{"@type":"BreadcrumbList","@id":"https:\/\/elite-capitalgroup.com\/exca\/opportunites\/#breadcrumb","itemListElement":[{"@type":"ListItem","position":1,"name":"Accueil","item":"https:\/\/elite-capitalgroup.com\/exca\/"},{"@type":"ListItem","position":2,"name":"Opportunit\u00e9s"}]},{"@type":"WebSite","@id":"https:\/\/elite-capitalgroup.com\/exca\/#website","url":"https:\/\/elite-capitalgroup.com\/exca\/","name":"ELITE CAPITAL SECURITIES CENTRAL AFRICA","description":"Partenaire privil\u00e9gi\u00e9 des \u00e9metteurs et investisseurs en zone CEMAC","publisher":{"@id":"https:\/\/elite-capitalgroup.com\/exca\/#organization"},"potentialAction":[{"@type":"SearchAction","target":{"@type":"EntryPoint","urlTemplate":"https:\/\/elite-capitalgroup.com\/exca\/?s={search_term_string}"},"query-input":{"@type":"PropertyValueSpecification","valueRequired":true,"valueName":"search_term_string"}}],"inLanguage":"fr-FR"},{"@type":"Organization","@id":"https:\/\/elite-capitalgroup.com\/exca\/#organization","name":"ELITE CAPITAL SECURITIES CENTRAL AFRICA","url":"https:\/\/elite-capitalgroup.com\/exca\/","logo":{"@type":"ImageObject","inLanguage":"fr-FR","@id":"https:\/\/elite-capitalgroup.com\/exca\/#\/schema\/logo\/image\/","url":"https:\/\/i0.wp.com\/elite-capitalsecurities.com\/wp-content\/uploads\/2022\/01\/logo-baseline.png?fit=220%2C51&ssl=1","contentUrl":"https:\/\/i0.wp.com\/elite-capitalsecurities.com\/wp-content\/uploads\/2022\/01\/logo-baseline.png?fit=220%2C51&ssl=1","width":220,"height":51,"caption":"ELITE CAPITAL SECURITIES CENTRAL AFRICA"},"image":{"@id":"https:\/\/elite-capitalgroup.com\/exca\/#\/schema\/logo\/image\/"},"sameAs":["https:\/\/www.facebook.com\/elitecapitalsecurities\/","https:\/\/www.linkedin.com\/company\/elite-capital-securities-central-africa\/"]}]}},"_links":{"self":[{"href":"https:\/\/elite-capitalgroup.com\/exca\/wp-json\/wp\/v2\/pages\/2532","targetHints":{"allow":["GET"]}}],"collection":[{"href":"https:\/\/elite-capitalgroup.com\/exca\/wp-json\/wp\/v2\/pages"}],"about":[{"href":"https:\/\/elite-capitalgroup.com\/exca\/wp-json\/wp\/v2\/types\/page"}],"author":[{"embeddable":true,"href":"https:\/\/elite-capitalgroup.com\/exca\/wp-json\/wp\/v2\/users\/2"}],"replies":[{"embeddable":true,"href":"https:\/\/elite-capitalgroup.com\/exca\/wp-json\/wp\/v2\/comments?post=2532"}],"version-history":[{"count":19,"href":"https:\/\/elite-capitalgroup.com\/exca\/wp-json\/wp\/v2\/pages\/2532\/revisions"}],"predecessor-version":[{"id":2753,"href":"https:\/\/elite-capitalgroup.com\/exca\/wp-json\/wp\/v2\/pages\/2532\/revisions\/2753"}],"wp:attachment":[{"href":"https:\/\/elite-capitalgroup.com\/exca\/wp-json\/wp\/v2\/media?parent=2532"}],"curies":[{"name":"wp","href":"https:\/\/api.w.org\/{rel}","templated":true}]}}